{"id":28,"date":"2015-08-11T16:28:46","date_gmt":"2015-08-11T14:28:46","guid":{"rendered":"http:\/\/dev.przedrajdem.pl\/?page_id=28"},"modified":"2015-08-11T16:32:08","modified_gmt":"2015-08-11T14:32:08","slug":"zakres-przegladu","status":"publish","type":"page","link":"https:\/\/www.przedrajdem.pl\/serwis\/zakres-przegladu\/","title":{"rendered":"Zakres przegl\u0105du"},"content":{"rendered":"<div>\n<p><strong>Przegl\u0105dy obejmuj\u0105:<\/strong><br \/>\nI. \u00a0\u00a0\u00a0Ogl\u0119dziny zewn\u0119trzne pojazdu<br \/>\nII. \u00a0\u00a0Demonta\u017c os\u0142on plastikowych karoserii pojazdu<br \/>\nIII. \u00a0Ogl\u0119dziny ramy pojazdu i uk\u0142adu zawieszenia<br \/>\nIV. \u00a0Ogl\u0119dziny silnika i uk\u0142adu nap\u0119dowego<br \/>\nV. \u00a0\u00a0Ogl\u0119dziny uk\u0142adu ch\u0142odzenia i wydechowego<br \/>\nVI. \u00a0Ogl\u0119dziny uk\u0142adu elektrycznego pojazdu<br \/>\nVII. Ogl\u0119dziny wyposa\u017cenia dodatkowego<br \/>\nVIII. Zawory<\/p>\n<\/div>\n<p>&nbsp;<\/p>\n<p>Chcesz si\u0119 um\u00f3wi\u0107 na przegl\u0105d? tel. 501 401 601, e-mail: <a href=\"mailto:serwis@przedrajdem.pl\">serwis@przedrajdem.pl<\/a><\/p>\n<p>Poni\u017cej znajduje si\u0119 szczeg\u00f3\u0142owa rozpiska rzeczy kt\u00f3re sprawdzamy podczas dokonywania przegl\u0105du (Wyj\u0105tki: np. je\u015bli pojazd nie ma mo\u017cliwo\u015bci pod\u0142aczenia diagnostyki komputerowej to tego nie robimy :), lub nie wymaga demonta\u017cu plastik\u00f3w w celu ogl\u0119dzin to te\u017c ich nie demontujemy)<\/p>\n<p>&nbsp;<\/p>\n<div>\n<p><strong>I. Ogl\u0119dziny zewn\u0119trzne pojazdu <\/strong><br \/>\n1. Kontrola stanu karoserii<br \/>\n2. Kontrola stanu baga\u017cnik\u00f3w<br \/>\n3. Kontrola o\u015bwietlenia zewn\u0119trznego<br \/>\n4. Kontrola bumper\u00f3w ty\u0142 i prz\u00f3d<br \/>\n5. Kontrola os\u0142on podwozia<br \/>\n6. Kontrola handbar\u00f3w<br \/>\n7. Kontrola siedziska kierowcy<br \/>\n8. Kontrola zamkni\u0119cia schowk\u00f3w<br \/>\n9. Kontrola lusterek<br \/>\n10. Kontrola zbiornika paliwa<\/p>\n<p><strong>II. Demonta\u017c os\u0142on plastikowych karoserii pojazdu<\/strong><\/p>\n<p><strong>III. Ogl\u0119dziny ramy pojazdu i uk\u0142adu zawieszenia<\/strong><br \/>\n11. Kontrola zawieszenia<br \/>\n12. Kontrola uk\u0142adu kierowniczego<br \/>\n13. Kontrola amortyzator\u00f3w<br \/>\n14. Kontrola dr\u0105zk\u00f3w kierowniczych<br \/>\n15. Kontrola sworzni zwrotnicy<br \/>\n16. Kontrola ko\u0144c\u00f3wek dr\u0105\u017ck\u00f3w kierowniczych<br \/>\n17. Kontrola piast k\u00f3\u0142 i \u0142o\u017cysk<br \/>\n18. Kontrola luz\u00f3w kolumny kierownicy<br \/>\n19. Dagnostyka komputerowa uk\u0142adu wspomagania<br \/>\n20. Kontrola stanu opon<br \/>\n21. Kontrola stanu felg<br \/>\n22. Kontrola uk\u0142adu hamulcowego<br \/>\n23. Kontrola p\u0142ynu hamulcowego<br \/>\n24. Kontrola pompy hamulca r\u0119cznego<br \/>\n25. Kontrola pompy hamulca no\u017cnego<\/p>\n<p><strong>IV. Ogl\u0119dziny silnika i uk\u0142adu nap\u0119dowego <\/strong><br \/>\n26. Diagnostyka komputerow Silnika<br \/>\n27. Kontrola poziomu oleju w silniku<br \/>\n28. Kontrola poziomu oleju w przednim mo\u015bcie<br \/>\n29. Kontrola poziomu oleju w tylnym mo\u015bcie<br \/>\n30. Kontrola poziomu oleju w skrzyni<br \/>\n31. Kontrola stanu \u015bwiec<br \/>\n32. Kontrola szczelno\u015bci simmering\u00f3w wa\u0142k\u00f3w<br \/>\n33. Kontrola sprawno\u015bci linki gazu<br \/>\n34. Kontrola filtra powietrza<br \/>\n35. Kontrola szczelno\u015bci air boxa<br \/>\n36. Kontrola pompy paliwa<br \/>\n37. Kontrola uk\u0142adu przeniesienia nap\u0119du<br \/>\n38. Kontrola po\u0142\u0105czenia wa\u0142\u00f3w nap\u0119dowych<br \/>\n39. Kontrola szczelno\u015b\u0107i skrzyni pasowej<br \/>\n40. Kontrola stanu paska nap\u0119dowego<br \/>\n41. Kontrola p\u00f3\u0142osi &#8211; przegub\u00f3w<br \/>\n42. Kontrola stanu manszet p\u00f3\u0142osi<br \/>\n43. Kontrola stanu bloku silnika od spodu<\/p>\n<\/div>\n<div>\n<p><strong>V. Ogl\u0119dziny uk\u0142adu ch\u0142odzenia i wydechowego<\/strong><br \/>\n44. Kontrola stanu ch\u0142odnicy<br \/>\n45. Kontrola poziomu p\u0142ynu ch\u0142odz\u0105cego<br \/>\n46. Kontrola stanu p\u00f3\u0142\u0105cze\u0144 gumowych<br \/>\n47. Kontrola stanu uk\u0142adu kolektor\u00f3w<br \/>\n48. Kontrola stanu t\u0142umika<br \/>\n49. Kontrola stanu zawieszenia uk\u0142adu wydechowego<\/p>\n<p><strong>VI. Ogl\u0119dziny uk\u0142adu elektrycznego pojazdu<\/strong><br \/>\n50. Kontrola \u015bwiate\u0142 pojazdu<br \/>\n51. Kontrola kierunkowskaz\u00f3w<br \/>\n52. Kontrola stanu rozrusznika<br \/>\n53. Kontrola stanu wentylatora<br \/>\n54. Kontrola poziomu na\u0142adowaniu akumulatora<br \/>\n55. Kontrola czujnika po\u0142o\u017cenia d\u017awigni bieg\u00f3w<br \/>\n56. Kontrola stanu bezpiecznik\u00f3w<br \/>\n57. Kontrola czujnika hamulca r\u0119cznego<br \/>\n58. Kontrola czujnika hamulce tylnego<br \/>\n59. Kontrola zabezpieczenia instalacji elektrycznej przed wod\u0105<br \/>\n60. Kontrola poprawnego dzia\u0142ania wyci\u0105garki<br \/>\n61. Kontrola poprawno\u015bci dzia\u0142ania pilota<br \/>\n62. Kontrola poprawno\u015bci dzia\u0142ania sterowania r\u0119cznego<br \/>\n63. Kontrola liny wyci\u0105garki<br \/>\n64. Kontrola dzia\u0142ania wyci\u0105garki pod obci\u0105\u017ceniem<br \/>\n65. Kontrola dzia\u0142ania sprz\u0119g\u0142a wyci\u0105garki<br \/>\n66. Kontrola zabezpieczenia klem akumulatora<\/p>\n<p><strong>VII. Ogl\u0119dziny wyposa\u017cenia dodatkowego<\/strong><br \/>\n67. Kontrola poprawnego dzia\u0142ania metromierza<br \/>\n68. Kontrola przycisk\u00f3w metromierza<br \/>\n69. Kontrola przycisk\u00f3w przewijarki<br \/>\n70. Kontrola stanu przewijarki<br \/>\n71. Kontrola stanu o\u015bwietlenia drogowego<br \/>\n72. Kontrola zasilania GPS<br \/>\n73. Kontrola gniazd dodatkowych<br \/>\n74. Kontrola mocowania torby na baga\u017cniku<br \/>\n75. Kontrola mocowania skrzyni<br \/>\n76. Kontrola mocowania kanistr\u00f3w paliwa<br \/>\n77. Kontrola mocowania saperki<br \/>\n78. kontrola mocowania maczety<br \/>\n79. kontrola ta\u015bm holowniczy i zaczep\u00f3w<\/p>\n<p><strong>VIII. Zawory<\/strong><br \/>\n80. Regulacja zawor\u00f3w \/ z okre\u015bleniem luz\u00f3w przed i po regulacji<\/p>\n<\/div>\n","protected":false},"excerpt":{"rendered":"<p>Przegl\u0105dy obejmuj\u0105: I. \u00a0\u00a0\u00a0Ogl\u0119dziny zewn\u0119trzne pojazdu II. \u00a0\u00a0Demonta\u017c os\u0142on plastikowych karoserii pojazdu III. \u00a0Ogl\u0119dziny ramy pojazdu i uk\u0142adu zawieszenia IV. \u00a0Ogl\u0119dziny silnika i uk\u0142adu nap\u0119dowego V. \u00a0\u00a0Ogl\u0119dziny uk\u0142adu ch\u0142odzenia i wydechowego VI. \u00a0Ogl\u0119dziny uk\u0142adu elektrycznego pojazdu VII. Ogl\u0119dziny wyposa\u017cenia dodatkowego VIII. Zawory &nbsp; Chcesz si\u0119 um\u00f3wi\u0107 na przegl\u0105d? tel. 501 401 601, e-mail: serwis@przedrajdem.pl Poni\u017cej<a href=\"https:\/\/www.przedrajdem.pl\/serwis\/zakres-przegladu\/\">[&#8230;]<\/a><\/p>\n","protected":false},"author":1,"featured_media":0,"parent":0,"menu_order":6,"comment_status":"closed","ping_status":"closed","template":"template-fullwidth.php","meta":[],"_links":{"self":[{"href":"https:\/\/www.przedrajdem.pl\/serwis\/wp-json\/wp\/v2\/pages\/28"}],"collection":[{"href":"https:\/\/www.przedrajdem.pl\/serwis\/wp-json\/wp\/v2\/pages"}],"about":[{"href":"https:\/\/www.przedrajdem.pl\/serwis\/wp-json\/wp\/v2\/types\/page"}],"author":[{"embeddable":true,"href":"https:\/\/www.przedrajdem.pl\/serwis\/wp-json\/wp\/v2\/users\/1"}],"replies":[{"embeddable":true,"href":"https:\/\/www.przedrajdem.pl\/serwis\/wp-json\/wp\/v2\/comments?post=28"}],"version-history":[{"count":1,"href":"https:\/\/www.przedrajdem.pl\/serwis\/wp-json\/wp\/v2\/pages\/28\/revisions"}],"predecessor-version":[{"id":29,"href":"https:\/\/www.przedrajdem.pl\/serwis\/wp-json\/wp\/v2\/pages\/28\/revisions\/29"}],"wp:attachment":[{"href":"https:\/\/www.przedrajdem.pl\/serwis\/wp-json\/wp\/v2\/media?parent=28"}],"curies":[{"name":"wp","href":"https:\/\/api.w.org\/{rel}","templated":true}]}}