{"id":30,"date":"2015-08-11T16:29:39","date_gmt":"2015-08-11T14:29:39","guid":{"rendered":"http:\/\/dev.przedrajdem.pl\/?page_id=30"},"modified":"2024-10-02T14:54:08","modified_gmt":"2024-10-02T12:54:08","slug":"cennik","status":"publish","type":"page","link":"https:\/\/www.przedrajdem.pl\/serwis\/cennik\/","title":{"rendered":"Cennik"},"content":{"rendered":"<p><strong>Cennik wybranych us\u0142ug w serwisie Przedrajdem.PL<\/strong><\/p>\n<p>Cennik obowi\u0105zuje od 01.05.2024<br \/>\nWszystkie ceny zawieraj\u0105 podatek VAT 23%<br \/>\nW serwisie obs\u0142ugujemy p\u0142atno\u015bci got\u00f3wk\u0105, kartami kredytowymi oraz ratalnie<\/p>\n<table border=\"0\" frame=\"VOID\" rules=\"NONE\" cellspacing=\"0\">\n<colgroup>\n<col width=\"157\" \/>\n<col width=\"467\" \/>\n<col width=\"86\" \/>\n<col width=\"60\" \/> <\/colgroup>\n<tbody>\n<tr>\n<td colspan=\"2\" align=\"LEFT\" bgcolor=\"#FFFFFF\" width=\"624\" height=\"17\"><b><span style=\"font-size: large;\">Motocykle<\/span><\/b><\/td>\n<td colspan=\"2\" align=\"RIGHT\" bgcolor=\"#FFFFFF\" width=\"145\"><\/td>\n<\/tr>\n<tr>\n<td align=\"LEFT\" bgcolor=\"#FFFFFF\" height=\"11\"><\/td>\n<td align=\"LEFT\" bgcolor=\"#FFFFFF\"><\/td>\n<td align=\"RIGHT\" bgcolor=\"#FFFFFF\"><\/td>\n<td align=\"RIGHT\" bgcolor=\"#FFFFFF\"><\/td>\n<\/tr>\n<tr>\n<td colspan=\"2\" align=\"LEFT\" bgcolor=\"#FFFFFF\" height=\"17\"><b>Silnik i skrzynia bieg\u00f3w:<\/b><\/td>\n<td colspan=\"2\" align=\"RIGHT\" bgcolor=\"#FFFFFF\"><\/td>\n<\/tr>\n<tr>\n<td colspan=\"2\" align=\"LEFT\" bgcolor=\"#FFFFFF\" height=\"17\">wymiana oleju silnikowego<\/td>\n<td colspan=\"2\" align=\"RIGHT\" bgcolor=\"#FFFFFF\">50-140<\/td>\n<\/tr>\n<tr>\n<td colspan=\"2\" align=\"LEFT\" bgcolor=\"#FFFFFF\" height=\"17\">wymiana filtra powietrza<\/td>\n<td colspan=\"2\" align=\"RIGHT\" bgcolor=\"#FFFFFF\">50-140<\/td>\n<\/tr>\n<tr>\n<td colspan=\"2\" align=\"LEFT\" bgcolor=\"#FFFFFF\" height=\"17\">wymiana \u015bwiec zap\u0142onowych<\/td>\n<td colspan=\"2\" align=\"RIGHT\" bgcolor=\"#FFFFFF\">10-300<\/td>\n<\/tr>\n<tr>\n<td colspan=\"2\" align=\"LEFT\" bgcolor=\"#FFFFFF\" height=\"17\">wymiana tarcz sprz\u0119g\u0142owych<\/td>\n<td colspan=\"2\" align=\"RIGHT\" bgcolor=\"#FFFFFF\">100-600<\/td>\n<\/tr>\n<tr>\n<td colspan=\"2\" align=\"LEFT\" bgcolor=\"#FFFFFF\" height=\"17\">wymiana \u0142a\u0144cucha rozrz\u0105du<\/td>\n<td colspan=\"2\" align=\"RIGHT\" bgcolor=\"#FFFFFF\">150-700<\/td>\n<\/tr>\n<tr>\n<td colspan=\"2\" align=\"LEFT\" bgcolor=\"#FFFFFF\" height=\"17\">wymiana napinacza rozrz\u0105du<\/td>\n<td colspan=\"2\" align=\"RIGHT\" bgcolor=\"#FFFFFF\">ustalane indywidualnie<\/td>\n<\/tr>\n<tr>\n<td colspan=\"2\" align=\"LEFT\" bgcolor=\"#FFFFFF\" height=\"17\">synchronizacja przepustnicy<\/td>\n<td colspan=\"2\" align=\"RIGHT\" bgcolor=\"#FFFFFF\">od 300<\/td>\n<\/tr>\n<tr>\n<td colspan=\"2\" align=\"LEFT\" bgcolor=\"#FFFFFF\" height=\"17\">synchronizacja i czyszczenie ga\u017anik\u00f3w<\/td>\n<td colspan=\"2\" align=\"RIGHT\" bgcolor=\"#FFFFFF\">od 350<\/td>\n<\/tr>\n<tr>\n<td colspan=\"2\" align=\"LEFT\" bgcolor=\"#FFFFFF\" height=\"17\">regulacja zawor\u00f3w-p\u0142ytki<\/td>\n<td colspan=\"2\" align=\"RIGHT\" bgcolor=\"#FFFFFF\">od 300+p\u0142ytki<\/td>\n<\/tr>\n<tr>\n<td colspan=\"2\" align=\"LEFT\" bgcolor=\"#FFFFFF\" height=\"17\">regulacja zawor\u00f3w-\u015bruby<\/td>\n<td colspan=\"2\" align=\"RIGHT\" bgcolor=\"#FFFFFF\">od 300<\/td>\n<\/tr>\n<tr>\n<td colspan=\"2\" align=\"LEFT\" bgcolor=\"#FFFFFF\" height=\"17\">wymiana p\u0142ynu ch\u0142odniczego<\/td>\n<td colspan=\"2\" align=\"RIGHT\" bgcolor=\"#FFFFFF\">od 50<\/td>\n<\/tr>\n<tr>\n<td colspan=\"2\" align=\"LEFT\" bgcolor=\"#FFFFFF\" height=\"17\">wymiana oleju przek\u0142adni g\u0142\u00f3wnej<\/td>\n<td colspan=\"2\" align=\"RIGHT\" bgcolor=\"#FFFFFF\">20-150<\/td>\n<\/tr>\n<tr>\n<td colspan=\"2\" align=\"LEFT\" bgcolor=\"#FFFFFF\" height=\"17\">wymiana p\u0142ynu sprz\u0119g\u0142a hydraulicznego<\/td>\n<td colspan=\"2\" align=\"RIGHT\" bgcolor=\"#FFFFFF\">80<\/td>\n<\/tr>\n<tr>\n<td colspan=\"2\" align=\"LEFT\" bgcolor=\"#FFFFFF\" height=\"17\">regulacja sprz\u0119g\u0142a<\/td>\n<td colspan=\"2\" align=\"RIGHT\" bgcolor=\"#FFFFFF\">10-150<\/td>\n<\/tr>\n<tr>\n<td colspan=\"2\" align=\"LEFT\" bgcolor=\"#FFFFFF\" height=\"17\">sprawdzenie ci\u015bnienia w cylindrach<\/td>\n<td colspan=\"2\" align=\"RIGHT\" bgcolor=\"#FFFFFF\">50-300<\/td>\n<\/tr>\n<tr>\n<td colspan=\"4\" align=\"LEFT\" bgcolor=\"#FFFFFF\" height=\"17\"><\/td>\n<\/tr>\n<tr>\n<td colspan=\"2\" align=\"LEFT\" bgcolor=\"#FFFFFF\" height=\"17\"><b>Hamulce:<\/b><\/td>\n<td colspan=\"2\" align=\"RIGHT\" bgcolor=\"#FFFFFF\"><\/td>\n<\/tr>\n<tr>\n<td colspan=\"2\" align=\"LEFT\" bgcolor=\"#FFFFFF\" height=\"17\">wymiana klock\u00f3w hamulcowych (bez regeneracji element\u00f3w)<\/td>\n<td colspan=\"2\" align=\"RIGHT\" bgcolor=\"#FFFFFF\">80-120<\/td>\n<\/tr>\n<tr>\n<td colspan=\"2\" align=\"LEFT\" bgcolor=\"#FFFFFF\" height=\"17\">wymiana p\u0142ynu hamulcowego<\/td>\n<td colspan=\"2\" align=\"RIGHT\" bgcolor=\"#FFFFFF\">od 50<\/td>\n<\/tr>\n<tr>\n<td colspan=\"2\" align=\"LEFT\" bgcolor=\"#FFFFFF\" height=\"17\">wymiana przewod\u00f3w hamulcowych<\/td>\n<td colspan=\"2\" align=\"RIGHT\" bgcolor=\"#FFFFFF\">100-650<\/td>\n<\/tr>\n<tr>\n<td colspan=\"4\" align=\"LEFT\" bgcolor=\"#FFFFFF\" height=\"17\"><\/td>\n<\/tr>\n<tr>\n<td colspan=\"2\" align=\"LEFT\" bgcolor=\"#FFFFFF\" height=\"17\"><b>Ko\u0142a i zawieszenie:<\/b><\/td>\n<td colspan=\"2\" align=\"RIGHT\" bgcolor=\"#FFFFFF\"><\/td>\n<\/tr>\n<tr>\n<td colspan=\"2\" align=\"LEFT\" bgcolor=\"#FFFFFF\" height=\"17\">wymiana uszczelniaczy i oleju w lagach<\/td>\n<td colspan=\"2\" align=\"RIGHT\" bgcolor=\"#FFFFFF\">200-350<\/td>\n<\/tr>\n<tr>\n<td colspan=\"2\" align=\"LEFT\" bgcolor=\"#FFFFFF\" height=\"17\">wymiana \u0142o\u017cysk g\u0142\u00f3wki ramy<\/td>\n<td colspan=\"2\" align=\"RIGHT\" bgcolor=\"#FFFFFF\">200-450<\/td>\n<\/tr>\n<tr>\n<td colspan=\"2\" align=\"LEFT\" bgcolor=\"#FFFFFF\" height=\"17\">wymiana opon z\u00a0wywa\u017ceniem<\/td>\n<td colspan=\"2\" align=\"RIGHT\" bgcolor=\"#FFFFFF\">120-350<\/td>\n<\/tr>\n<tr>\n<td colspan=\"2\" align=\"LEFT\" bgcolor=\"#FFFFFF\" height=\"17\">wywa\u017cenie ko\u0142a<\/td>\n<td colspan=\"2\" align=\"RIGHT\" bgcolor=\"#FFFFFF\">40<\/td>\n<\/tr>\n<tr>\n<td colspan=\"4\" align=\"LEFT\" bgcolor=\"#FFFFFF\" height=\"17\"><\/td>\n<\/tr>\n<tr>\n<td colspan=\"2\" align=\"LEFT\" bgcolor=\"#FFFFFF\" height=\"17\"><b>Nap\u0119d:<\/b><\/td>\n<td colspan=\"2\" align=\"RIGHT\" bgcolor=\"#FFFFFF\"><\/td>\n<\/tr>\n<tr>\n<td colspan=\"2\" align=\"LEFT\" bgcolor=\"#FFFFFF\" height=\"17\">smarowanie i regulacja \u0142a\u0144cucha<\/td>\n<td colspan=\"2\" align=\"RIGHT\" bgcolor=\"#FFFFFF\">od 10<\/td>\n<\/tr>\n<tr>\n<td colspan=\"2\" align=\"LEFT\" bgcolor=\"#FFFFFF\" height=\"17\">czyszczenie, regulacja i smarowanie nap\u0119du<\/td>\n<td colspan=\"2\" align=\"RIGHT\" bgcolor=\"#FFFFFF\">50<\/td>\n<\/tr>\n<tr>\n<td colspan=\"2\" align=\"LEFT\" bgcolor=\"#FFFFFF\" height=\"17\">wymiana nap\u0119du<\/td>\n<td colspan=\"2\" align=\"RIGHT\" bgcolor=\"#FFFFFF\">200-450<\/td>\n<\/tr>\n<tr>\n<td colspan=\"4\" align=\"LEFT\" bgcolor=\"#FFFFFF\" height=\"17\"><\/td>\n<\/tr>\n<tr>\n<td colspan=\"2\" align=\"LEFT\" bgcolor=\"#FFFFFF\" height=\"17\"><b>Pozosta\u0142e:<\/b><\/td>\n<td colspan=\"2\" align=\"RIGHT\" bgcolor=\"#FFFFFF\"><\/td>\n<\/tr>\n<tr>\n<td colspan=\"2\" align=\"LEFT\" bgcolor=\"#FFFFFF\" height=\"17\">monta\u017c crashpad-\u00f3w<\/td>\n<td colspan=\"2\" align=\"RIGHT\" bgcolor=\"#FFFFFF\">50-250<\/td>\n<\/tr>\n<tr>\n<td colspan=\"2\" align=\"LEFT\" bgcolor=\"#FFFFFF\" height=\"17\">monta\u017c podgrzewanych manetek<\/td>\n<td colspan=\"2\" align=\"RIGHT\" bgcolor=\"#FFFFFF\">350<\/td>\n<\/tr>\n<tr>\n<td colspan=\"2\" align=\"LEFT\" bgcolor=\"#FFFFFF\" height=\"17\">sprawdzenie akumulatora<\/td>\n<td colspan=\"2\" align=\"RIGHT\" bgcolor=\"#FFFFFF\">20<\/td>\n<\/tr>\n<tr>\n<td colspan=\"2\" align=\"LEFT\" bgcolor=\"#FFFFFF\" height=\"17\">monta\u017c gmoli<\/td>\n<td colspan=\"2\" align=\"RIGHT\" bgcolor=\"#FFFFFF\">od 150<\/td>\n<\/tr>\n<tr>\n<td colspan=\"2\" align=\"LEFT\" bgcolor=\"#FFFFFF\" height=\"17\">monta\u017c kufra<\/td>\n<td colspan=\"2\" align=\"RIGHT\" bgcolor=\"#FFFFFF\">od 150<\/td>\n<\/tr>\n<tr>\n<td colspan=\"4\" align=\"LEFT\" bgcolor=\"#FFFFFF\" height=\"17\"><\/td>\n<\/tr>\n<tr>\n<td colspan=\"2\" align=\"LEFT\" bgcolor=\"#FFFFFF\" height=\"17\"><b><span style=\"font-size: large;\">Quady<\/span><\/b><\/td>\n<td colspan=\"2\" align=\"RIGHT\" bgcolor=\"#FFFFFF\"><\/td>\n<\/tr>\n<tr>\n<td align=\"LEFT\" bgcolor=\"#FFFFFF\" height=\"11\"><\/td>\n<td align=\"LEFT\" bgcolor=\"#FFFFFF\"><\/td>\n<td align=\"RIGHT\" bgcolor=\"#FFFFFF\"><\/td>\n<td align=\"RIGHT\" bgcolor=\"#FFFFFF\"><\/td>\n<\/tr>\n<tr>\n<td colspan=\"2\" align=\"LEFT\" bgcolor=\"#FFFFFF\" height=\"17\">pe\u0142ny przegl\u0105d quada &lt; 499 ccm \/orientacyjny koszt wraz z materia\u0142ami\/<\/td>\n<td colspan=\"2\" align=\"RIGHT\" bgcolor=\"#FFFFFF\">500 &#8211; 750<\/td>\n<\/tr>\n<tr>\n<td colspan=\"2\" align=\"LEFT\" bgcolor=\"#FFFFFF\" height=\"17\">pe\u0142ny przegl\u0105d quada 501 &#8211; 750 ccm \/orientacyjny koszt wraz z materia\u0142ami\/<\/td>\n<td colspan=\"2\" align=\"RIGHT\" bgcolor=\"#FFFFFF\">700 &#8211; 900<\/td>\n<\/tr>\n<tr>\n<td colspan=\"2\" align=\"LEFT\" bgcolor=\"#FFFFFF\" height=\"17\">pe\u0142ny przegl\u0105d quada 751 &#8211; 1000 ccm \/orientacyjny koszt wraz z materia\u0142ami\/<\/td>\n<td colspan=\"2\" align=\"RIGHT\" bgcolor=\"#FFFFFF\">800 &#8211; 1300<\/td>\n<\/tr>\n<tr>\n<td colspan=\"2\" align=\"LEFT\" bgcolor=\"#FFFFFF\" height=\"17\"><\/td>\n<td colspan=\"2\" align=\"RIGHT\" bgcolor=\"#FFFFFF\"><\/td>\n<\/tr>\n<tr>\n<td colspan=\"2\" align=\"LEFT\" bgcolor=\"#FFFFFF\" height=\"17\">diagnostyka komputerowa pojazd\u00f3w Can-Am<\/td>\n<td colspan=\"2\" align=\"RIGHT\" bgcolor=\"#FFFFFF\">190-250<\/td>\n<\/tr>\n<tr>\n<td colspan=\"2\" align=\"LEFT\" bgcolor=\"#FFFFFF\" height=\"17\"><\/td>\n<td colspan=\"2\" align=\"RIGHT\" bgcolor=\"#FFFFFF\"><\/td>\n<\/tr>\n<tr>\n<td colspan=\"2\" align=\"LEFT\" bgcolor=\"#FFFFFF\" height=\"17\">monta\u017c dodatkowego o\u015bwietlenia \/bez materia\u0142\u00f3w\/<\/td>\n<td colspan=\"2\" align=\"RIGHT\" bgcolor=\"#FFFFFF\">\u00a0od 150<\/td>\n<\/tr>\n<tr>\n<td colspan=\"2\" align=\"LEFT\" bgcolor=\"#FFFFFF\" height=\"17\">monta\u017c kierunkowskaz\u00f3w, klaksonu i lusterek \/z materia\u0142ami\/<\/td>\n<td colspan=\"2\" align=\"RIGHT\" bgcolor=\"#FFFFFF\">820<\/td>\n<\/tr>\n<tr>\n<td colspan=\"2\" align=\"LEFT\" bgcolor=\"#FFFFFF\" height=\"17\">monta\u017c p\u0142uga<\/td>\n<td colspan=\"2\" align=\"RIGHT\" bgcolor=\"#FFFFFF\">400<\/td>\n<\/tr>\n<tr>\n<td colspan=\"2\" align=\"LEFT\" bgcolor=\"#FFFFFF\" height=\"17\">monta\u017c wyci\u0105garki<\/td>\n<td colspan=\"2\" align=\"RIGHT\" bgcolor=\"#FFFFFF\">400<\/td>\n<\/tr>\n<tr>\n<td colspan=\"2\" align=\"LEFT\" bgcolor=\"#FFFFFF\" height=\"17\">naprawa uszkodzonego wspomagania EPS w pojazdach Yamaha Grizzly oraz Kawasaki Bruteforce<\/td>\n<td colspan=\"2\" align=\"RIGHT\" bgcolor=\"#FFFFFF\">900-1300<\/td>\n<\/tr>\n<tr>\n<td colspan=\"2\" align=\"LEFT\" bgcolor=\"#FFFFFF\" height=\"17\">naprawa zerwanego gwintu spustowego oleju<\/td>\n<td colspan=\"2\" align=\"RIGHT\" bgcolor=\"#FFFFFF\">100-250<\/td>\n<\/tr>\n<tr>\n<td colspan=\"2\" align=\"LEFT\" bgcolor=\"#FFFFFF\" height=\"17\">przegl\u0105d przek\u0142adni CVT<\/td>\n<td colspan=\"2\" align=\"RIGHT\" bgcolor=\"#FFFFFF\">250-350<\/td>\n<\/tr>\n<tr>\n<td colspan=\"2\" align=\"LEFT\" bgcolor=\"#FFFFFF\" height=\"17\">przegl\u0105d wyci\u0105garki ATV \/cena nie zawiera koszt\u00f3w ewentualnej naprawy\/<\/td>\n<td colspan=\"2\" align=\"RIGHT\" bgcolor=\"#FFFFFF\">200<\/td>\n<\/tr>\n<tr>\n<td colspan=\"2\" align=\"LEFT\" bgcolor=\"#FFFFFF\" height=\"17\">wymiana klock\u00f3w hamulcowych \/1 zacisk\/<\/td>\n<td colspan=\"2\" align=\"RIGHT\" bgcolor=\"#FFFFFF\">80<\/td>\n<\/tr>\n<tr>\n<td colspan=\"2\" align=\"LEFT\" bgcolor=\"#FFFFFF\" height=\"17\">wymiana klock\u00f3w hamulcowych \/1 zacisk\/ z konieczno\u015bci\u0105 naprawy zacisku<\/td>\n<td colspan=\"2\" align=\"RIGHT\" bgcolor=\"#FFFFFF\">120<\/td>\n<\/tr>\n<tr>\n<td colspan=\"2\" align=\"LEFT\" bgcolor=\"#FFFFFF\" height=\"17\">wymiana ko\u0144c\u00f3wki kierowniczej<\/td>\n<td colspan=\"2\" align=\"RIGHT\" bgcolor=\"#FFFFFF\">\u00a0od 65<\/td>\n<\/tr>\n<tr>\n<td colspan=\"2\" align=\"LEFT\" bgcolor=\"#FFFFFF\" height=\"17\">wymiana \u0142o\u017cyska w kole<\/td>\n<td colspan=\"2\" align=\"RIGHT\" bgcolor=\"#FFFFFF\">150<\/td>\n<\/tr>\n<tr>\n<td colspan=\"2\" align=\"LEFT\" bgcolor=\"#FFFFFF\" height=\"17\">wymiana oleju w dyferencja\u0142ach i skrzyni bieg\u00f3w plus cena oleju<\/td>\n<td colspan=\"2\" align=\"RIGHT\" bgcolor=\"#FFFFFF\">50\/szt<\/td>\n<\/tr>\n<tr>\n<td colspan=\"2\" align=\"LEFT\" bgcolor=\"#FFFFFF\" height=\"17\">wymiana oleju w silniku oraz wymiana\/czyszczenie filtra oleju plus cena oleju i filtra<\/td>\n<td colspan=\"2\" align=\"RIGHT\" bgcolor=\"#FFFFFF\">80-120<\/td>\n<\/tr>\n<tr>\n<td colspan=\"2\" align=\"LEFT\" bgcolor=\"#FFFFFF\" height=\"17\">wymiana opon quadowych &#8211; na felgach 12&#8243; &#8211; 15&#8243;, bez wywa\u017cania<\/td>\n<td colspan=\"2\" align=\"RIGHT\" bgcolor=\"#FFFFFF\">120-250<\/td>\n<\/tr>\n<tr>\n<td colspan=\"2\" align=\"LEFT\" bgcolor=\"#FFFFFF\" height=\"17\">wymiana sworznia<\/td>\n<td colspan=\"2\" align=\"RIGHT\" bgcolor=\"#FFFFFF\">150<\/td>\n<\/tr>\n<tr>\n<td colspan=\"2\" align=\"LEFT\" bgcolor=\"#FFFFFF\" height=\"17\">wymiana uszkodzonej manszety na p\u00f3\u0142osi<\/td>\n<td colspan=\"2\" align=\"RIGHT\" bgcolor=\"#FFFFFF\">150<\/td>\n<\/tr>\n<tr>\n<td colspan=\"4\" align=\"LEFT\" bgcolor=\"#FFFFFF\" height=\"17\"><\/td>\n<\/tr>\n<tr>\n<td colspan=\"2\" align=\"LEFT\" bgcolor=\"#FFFFFF\" height=\"17\"><b>Lawety i samochody terenowe<\/b><\/td>\n<td colspan=\"2\" align=\"RIGHT\" bgcolor=\"#FFFFFF\"><\/td>\n<\/tr>\n<tr>\n<td colspan=\"2\" align=\"LEFT\" bgcolor=\"#FFFFFF\" height=\"17\">przegl\u0105d wyci\u0105garki \/cena nie zawiera koszt\u00f3w ewentualnej naprawy\/<\/td>\n<td colspan=\"2\" align=\"RIGHT\" bgcolor=\"#FFFFFF\">180-250<\/td>\n<\/tr>\n<tr>\n<td colspan=\"2\" align=\"LEFT\" bgcolor=\"#FFFFFF\" height=\"17\">monta\u017c \/ demonta\u017c wyci\u0105garki w poje\u017adzie<\/td>\n<td colspan=\"2\" align=\"RIGHT\" bgcolor=\"#FFFFFF\">250<\/td>\n<\/tr>\n<tr>\n<td colspan=\"4\" align=\"LEFT\" bgcolor=\"#FFFFFF\" height=\"17\"><\/td>\n<\/tr>\n<tr>\n<td colspan=\"2\" align=\"LEFT\" bgcolor=\"#FFFFFF\" height=\"17\"><b>Us\u0142ugi og\u00f3lne<\/b><\/td>\n<td colspan=\"2\" align=\"RIGHT\" bgcolor=\"#FFFFFF\"><\/td>\n<\/tr>\n<tr>\n<td colspan=\"2\" align=\"LEFT\" bgcolor=\"#FFFFFF\" height=\"17\">godzina pracy mechanika<\/td>\n<td colspan=\"2\" align=\"RIGHT\" bgcolor=\"#FFFFFF\">200<\/td>\n<\/tr>\n<tr>\n<td colspan=\"2\" align=\"LEFT\" bgcolor=\"#FFFFFF\" height=\"17\">transport pojazdu do lub z serwisu na terenie miasta Warszawy<\/td>\n<td colspan=\"2\" align=\"RIGHT\" bgcolor=\"#FFFFFF\">100-240<\/td>\n<\/tr>\n<tr>\n<td colspan=\"2\" align=\"LEFT\" bgcolor=\"#FFFFFF\" height=\"17\">mycie pojazdu<\/td>\n<td colspan=\"2\" align=\"RIGHT\" bgcolor=\"#FFFFFF\">30-80<\/td>\n<\/tr>\n<\/tbody>\n<\/table>\n","protected":false},"excerpt":{"rendered":"<p>Cennik wybranych us\u0142ug w serwisie Przedrajdem.PL Cennik obowi\u0105zuje od 01.05.2024 Wszystkie ceny zawieraj\u0105 podatek VAT 23% W serwisie obs\u0142ugujemy p\u0142atno\u015bci got\u00f3wk\u0105, kartami kredytowymi oraz ratalnie Motocykle Silnik i skrzynia bieg\u00f3w: wymiana oleju silnikowego 50-140 wymiana filtra powietrza 50-140 wymiana \u015bwiec zap\u0142onowych 10-300 wymiana tarcz sprz\u0119g\u0142owych 100-600 wymiana \u0142a\u0144cucha rozrz\u0105du 150-700 wymiana napinacza rozrz\u0105du ustalane indywidualnie<a href=\"https:\/\/www.przedrajdem.pl\/serwis\/cennik\/\">[&#8230;]<\/a><\/p>\n","protected":false},"author":1,"featured_media":0,"parent":0,"menu_order":10,"comment_status":"closed","ping_status":"closed","template":"template-fullwidth.php","meta":[],"_links":{"self":[{"href":"https:\/\/www.przedrajdem.pl\/serwis\/wp-json\/wp\/v2\/pages\/30"}],"collection":[{"href":"https:\/\/www.przedrajdem.pl\/serwis\/wp-json\/wp\/v2\/pages"}],"about":[{"href":"https:\/\/www.przedrajdem.pl\/serwis\/wp-json\/wp\/v2\/types\/page"}],"author":[{"embeddable":true,"href":"https:\/\/www.przedrajdem.pl\/serwis\/wp-json\/wp\/v2\/users\/1"}],"replies":[{"embeddable":true,"href":"https:\/\/www.przedrajdem.pl\/serwis\/wp-json\/wp\/v2\/comments?post=30"}],"version-history":[{"count":10,"href":"https:\/\/www.przedrajdem.pl\/serwis\/wp-json\/wp\/v2\/pages\/30\/revisions"}],"predecessor-version":[{"id":1194,"href":"https:\/\/www.przedrajdem.pl\/serwis\/wp-json\/wp\/v2\/pages\/30\/revisions\/1194"}],"wp:attachment":[{"href":"https:\/\/www.przedrajdem.pl\/serwis\/wp-json\/wp\/v2\/media?parent=30"}],"curies":[{"name":"wp","href":"https:\/\/api.w.org\/{rel}","templated":true}]}}