{"id":821,"date":"2023-03-05T18:35:00","date_gmt":"2023-03-05T17:35:00","guid":{"rendered":"https:\/\/www.przedrajdem.pl\/serwis\/?page_id=821"},"modified":"2023-03-05T18:43:12","modified_gmt":"2023-03-05T17:43:12","slug":"regeneracja-statorow","status":"publish","type":"page","link":"https:\/\/www.przedrajdem.pl\/serwis\/regeneracja-statorow\/","title":{"rendered":"Regeneracja stator\u00f3w"},"content":{"rendered":"\n<h4>Profesjonalna regeneracja \/ przewijanie stator\u00f3w oraz pr\u0105dnic w motocyklach, ATV, UTV.<\/h4>\n\n\n<div class=\"wp-block-image\">\n<figure class=\"aligncenter size-full\"><a href=\"https:\/\/www.przedrajdem.pl\/serwis\/wp-content\/uploads\/2023\/03\/spalony_stator.jpg\" data-rel=\"lightbox-image-0\" data-imagelightbox=\"0\" data-rl_title=\"\" data-rl_caption=\"\" title=\"\"><img decoding=\"async\" loading=\"lazy\" width=\"751\" height=\"563\" src=\"https:\/\/www.przedrajdem.pl\/serwis\/wp-content\/uploads\/2023\/03\/spalony_stator.jpg\" alt=\"\" class=\"wp-image-827\" srcset=\"https:\/\/www.przedrajdem.pl\/serwis\/wp-content\/uploads\/2023\/03\/spalony_stator.jpg 751w, https:\/\/www.przedrajdem.pl\/serwis\/wp-content\/uploads\/2023\/03\/spalony_stator-632x474.jpg 632w, https:\/\/www.przedrajdem.pl\/serwis\/wp-content\/uploads\/2023\/03\/spalony_stator-285x214.jpg 285w\" sizes=\"(max-width: 751px) 100vw, 751px\" \/><\/a><figcaption class=\"wp-element-caption\">Po lewej stator uszkodzony \/ po prawej stator po wykonanej naprawie<\/figcaption><\/figure><\/div>\n\n\n<p>Regenerujemy statory wykorzystywane w pojazdach czo\u0142owych producent\u00f3w motocykli i innych pojazd\u00f3w tj. YAMAHA, HONDA, KTM, KAWASAKI, PIAGGIO, PEUGEOT,HARLEY DAVIDSON, BUELL, DUCATI, SEADOO, MERCURY, POLARIS, jak r\u00f3wnie\u017c mniej znanych producent\u00f3w.<\/p>\n\n\n\n<p><strong>Oryginalny odpowiednio zregenerowany stator charakteryzuje si\u0119 du\u017co lepszymi parametrami oraz trwa\u0142o\u015bci\u0105 ni\u017c zamienniki z Chin.<\/strong><\/p>\n\n\n\n<p>Czas naprawy wynosi oko\u0142o 7 dni, zapraszamy do kontaktu<\/p>\n","protected":false},"excerpt":{"rendered":"<p>Profesjonalna regeneracja \/ przewijanie stator\u00f3w oraz pr\u0105dnic w motocyklach, ATV, UTV. Regenerujemy statory wykorzystywane w pojazdach czo\u0142owych producent\u00f3w motocykli i innych pojazd\u00f3w tj. YAMAHA, HONDA, KTM, KAWASAKI, PIAGGIO, PEUGEOT,HARLEY DAVIDSON, BUELL, DUCATI, SEADOO, MERCURY, POLARIS, jak r\u00f3wnie\u017c mniej znanych producent\u00f3w. Oryginalny odpowiednio zregenerowany stator charakteryzuje si\u0119 du\u017co lepszymi parametrami oraz trwa\u0142o\u015bci\u0105 ni\u017c zamienniki z Chin.<a href=\"https:\/\/www.przedrajdem.pl\/serwis\/regeneracja-statorow\/\">[&#8230;]<\/a><\/p>\n","protected":false},"author":1,"featured_media":0,"parent":0,"menu_order":0,"comment_status":"closed","ping_status":"closed","template":"","meta":[],"_links":{"self":[{"href":"https:\/\/www.przedrajdem.pl\/serwis\/wp-json\/wp\/v2\/pages\/821"}],"collection":[{"href":"https:\/\/www.przedrajdem.pl\/serwis\/wp-json\/wp\/v2\/pages"}],"about":[{"href":"https:\/\/www.przedrajdem.pl\/serwis\/wp-json\/wp\/v2\/types\/page"}],"author":[{"embeddable":true,"href":"https:\/\/www.przedrajdem.pl\/serwis\/wp-json\/wp\/v2\/users\/1"}],"replies":[{"embeddable":true,"href":"https:\/\/www.przedrajdem.pl\/serwis\/wp-json\/wp\/v2\/comments?post=821"}],"version-history":[{"count":6,"href":"https:\/\/www.przedrajdem.pl\/serwis\/wp-json\/wp\/v2\/pages\/821\/revisions"}],"predecessor-version":[{"id":831,"href":"https:\/\/www.przedrajdem.pl\/serwis\/wp-json\/wp\/v2\/pages\/821\/revisions\/831"}],"wp:attachment":[{"href":"https:\/\/www.przedrajdem.pl\/serwis\/wp-json\/wp\/v2\/media?parent=821"}],"curies":[{"name":"wp","href":"https:\/\/api.w.org\/{rel}","templated":true}]}}