{"id":837,"date":"2023-03-05T19:03:50","date_gmt":"2023-03-05T18:03:50","guid":{"rendered":"https:\/\/www.przedrajdem.pl\/serwis\/?page_id=837"},"modified":"2023-03-05T19:07:30","modified_gmt":"2023-03-05T18:07:30","slug":"tulejowanie-cylindrow","status":"publish","type":"page","link":"https:\/\/www.przedrajdem.pl\/serwis\/tulejowanie-cylindrow\/","title":{"rendered":"Tulejowanie i szlifowanie cylindr\u00f3w"},"content":{"rendered":"<h1>OFERUJEMY US\u0141UG\u0118 SZLIFOWANIA ORAZ TULEJOWANIA CYLINDR\u00d3W 2T i 4T.<\/h1>\n<h2>Zajmujemy si\u0119 naprawami cylindr\u00f3w &#8211; zar\u00f3wno w silnikach 2T jak i 4T. W zale\u017cno\u015bci od rodzaju uszkodzenia i typu cylindra &#8211; oferujemy szlifowanie na kolejne nadwymiary lub wymian\u0119 tuleji na now\u0105 w rozmiarze nominalnym. Jest to r\u00f3wnie\u017c mo\u017cliwe do wykonania w cylindrach z pow\u0142ok\u0105 nikasilow\u0105.<\/h2>\n<p>W celu przeprowadzenia naprawy prosimy o kontakt telefoniczny w celu ustalenia szczeg\u0142\u00f3w, potem nale\u017cy dostarczy\u0107 do naszego serwisu stary cylinder wraz z uszkodzonym t\u0142okiem, na miejscu dokonamy odpowiedniego sprawdzenia i pomiar\u00f3w i zaproponujemy spos\u00f3b naprawy &#8211; mo\u017cemy r\u00f3wnie\u017c dostarczy\u0107 nowy t\u0142ok i niezb\u0119dne uszczelki oraz inne cz\u0119\u015bci kt\u00f3rych b\u0119d\u0105 Pa\u0144stwo potrzebowali do przeprowadzenia naprawy. Po sprowadzeniu odpowiedniego t\u0142oka wykonujemy szlif lub wymieniamy tulej\u0119 na now\u0105 w odpowiednim wymiarze i tak przygotowany t\u0142ok mo\u017cna za\u0142o\u017cy\u0107 w poje\u017adzie.<br \/><br \/><\/p>\n<p>\u00a0<\/p>\n\n\n<div class=\"is-layout-constrained wp-block-group\"><div class=\"wp-block-group__inner-container\">\n<figure class=\"is-layout-flex wp-block-gallery-1 wp-block-gallery has-nested-images columns-default is-cropped\">\n<figure class=\"wp-block-image size-large\"><a href=\"https:\/\/www.przedrajdem.pl\/serwis\/wp-content\/uploads\/2023\/03\/zatarty_cylinder.jpg\" data-rel=\"lightbox-image-0\" data-imagelightbox=\"0\" data-rl_title=\"\" data-rl_caption=\"\" title=\"\"><img decoding=\"async\" loading=\"lazy\" width=\"800\" height=\"533\" src=\"https:\/\/www.przedrajdem.pl\/serwis\/wp-content\/uploads\/2023\/03\/zatarty_cylinder.jpg\" alt=\"\" class=\"wp-image-838\" srcset=\"https:\/\/www.przedrajdem.pl\/serwis\/wp-content\/uploads\/2023\/03\/zatarty_cylinder.jpg 800w, https:\/\/www.przedrajdem.pl\/serwis\/wp-content\/uploads\/2023\/03\/zatarty_cylinder-632x421.jpg 632w, https:\/\/www.przedrajdem.pl\/serwis\/wp-content\/uploads\/2023\/03\/zatarty_cylinder-768x512.jpg 768w, https:\/\/www.przedrajdem.pl\/serwis\/wp-content\/uploads\/2023\/03\/zatarty_cylinder-750x500.jpg 750w, https:\/\/www.przedrajdem.pl\/serwis\/wp-content\/uploads\/2023\/03\/zatarty_cylinder-272x182.jpg 272w\" sizes=\"(max-width: 800px) 100vw, 800px\" \/><\/a><\/figure>\n\n\n\n<figure class=\"wp-block-image size-large\"><a href=\"https:\/\/www.przedrajdem.pl\/serwis\/wp-content\/uploads\/2023\/03\/tulejowanie.jpg\" data-rel=\"lightbox-image-1\" data-imagelightbox=\"1\" data-rl_title=\"\" data-rl_caption=\"\" title=\"\"><img decoding=\"async\" loading=\"lazy\" width=\"900\" height=\"602\" src=\"https:\/\/www.przedrajdem.pl\/serwis\/wp-content\/uploads\/2023\/03\/tulejowanie.jpg\" alt=\"\" class=\"wp-image-834\" srcset=\"https:\/\/www.przedrajdem.pl\/serwis\/wp-content\/uploads\/2023\/03\/tulejowanie.jpg 900w, https:\/\/www.przedrajdem.pl\/serwis\/wp-content\/uploads\/2023\/03\/tulejowanie-632x423.jpg 632w, https:\/\/www.przedrajdem.pl\/serwis\/wp-content\/uploads\/2023\/03\/tulejowanie-768x514.jpg 768w, https:\/\/www.przedrajdem.pl\/serwis\/wp-content\/uploads\/2023\/03\/tulejowanie-272x182.jpg 272w\" sizes=\"(max-width: 900px) 100vw, 900px\" \/><\/a><\/figure>\n<\/figure>\n<\/div><\/div>\n","protected":false},"excerpt":{"rendered":"<p>OFERUJEMY US\u0141UG\u0118 SZLIFOWANIA ORAZ TULEJOWANIA CYLINDR\u00d3W 2T i 4T. Zajmujemy si\u0119 naprawami cylindr\u00f3w &#8211; zar\u00f3wno w silnikach 2T jak i 4T. W zale\u017cno\u015bci od rodzaju uszkodzenia i typu cylindra &#8211; oferujemy szlifowanie na kolejne nadwymiary lub wymian\u0119 tuleji na now\u0105 w rozmiarze nominalnym. Jest to r\u00f3wnie\u017c mo\u017cliwe do wykonania w cylindrach z pow\u0142ok\u0105 nikasilow\u0105. W<a href=\"https:\/\/www.przedrajdem.pl\/serwis\/tulejowanie-cylindrow\/\">[&#8230;]<\/a><\/p>\n","protected":false},"author":1,"featured_media":0,"parent":0,"menu_order":0,"comment_status":"closed","ping_status":"closed","template":"","meta":[],"_links":{"self":[{"href":"https:\/\/www.przedrajdem.pl\/serwis\/wp-json\/wp\/v2\/pages\/837"}],"collection":[{"href":"https:\/\/www.przedrajdem.pl\/serwis\/wp-json\/wp\/v2\/pages"}],"about":[{"href":"https:\/\/www.przedrajdem.pl\/serwis\/wp-json\/wp\/v2\/types\/page"}],"author":[{"embeddable":true,"href":"https:\/\/www.przedrajdem.pl\/serwis\/wp-json\/wp\/v2\/users\/1"}],"replies":[{"embeddable":true,"href":"https:\/\/www.przedrajdem.pl\/serwis\/wp-json\/wp\/v2\/comments?post=837"}],"version-history":[{"count":4,"href":"https:\/\/www.przedrajdem.pl\/serwis\/wp-json\/wp\/v2\/pages\/837\/revisions"}],"predecessor-version":[{"id":843,"href":"https:\/\/www.przedrajdem.pl\/serwis\/wp-json\/wp\/v2\/pages\/837\/revisions\/843"}],"wp:attachment":[{"href":"https:\/\/www.przedrajdem.pl\/serwis\/wp-json\/wp\/v2\/media?parent=837"}],"curies":[{"name":"wp","href":"https:\/\/api.w.org\/{rel}","templated":true}]}}